01011210012
In base 14, what is -3a7a646 + 4?
-3a7a642
In base 10, what is 1142393 - 2?
1142391
In base 7, what is 55220 - 13430?
41460
In base 10, what is 7340 + 695?
8035
In base 2, what is 101 + -110101111110011100001?
-110101111110011011100
In base 7, what is -15253060 + 3?
-15253054
In base 3, what is -1201100121010210220 - 11?
-1201100121010211001
In base 10, what is -3 + -12303699?
-12303702
In base 15, what is -2 + 31c7907?
31c7905
In base 5, what is 1112012 + -1112?
1110400
In base 9, what is 2 - -160327852?
160327854
In base 8, what is 1066672 + 5?
1066677
In base 3, what is -10 - 1100200102201?
-1100200102211
In base 2, what is 10000 - -1101100101?
1101110101
In base 12, what is 37961 - 34b?
37612
In base 7, what is 4 - -110234162?
110234166
In base 13, what is 80a31 - -267?
80c98
In base 7, what is 22421306 - 3?
22421303
In base 10, what is 2 - 8807072?
-8807070
In base 6, what is 10001130 + -133?
10000553
In base 9, what is 16574 - -123270?
140854
In base 13, what is 574070b + 0?
574070b
In base 16, what is -37c1f - 6?
-37c25
In base 16, what is 37c1 + -56?
376b
In base 10, what is -251622 - 96?
-251718
In base 3, what is -1112 + -110000210210?
-110000212022
In base 3, what is 11 - -21002210100002?
21002210100020
In base 5, what is -321424 - 3042?
-330021
In base 9, what is -65274 - 4378?
-70663
In base 3, what is 100 - -202102212120?
202102212220
In base 11, what is 3063a7 + 190?
306587
In base 10, what is 20 - -134738?
134758
In base 10, what is -126329 + 120?
-126209
In base 14, what is 26 - -2824b1b?
2824b43
In base 14, what is 10566d + 205?
105874
In base 8, what is 2121306330 - 2?
2121306326
In base 13, what is -1 + -408575b?
-408575c
In base 4, what is -1220231331101 - -11?
-1220231331030
In base 14, what is 8b0 - -1484?
1d54
In base 5, what is 223 - 300432040?
-300431312
In base 10, what is 1 + 2278927?
2278928
In base 13, what is 2 - -1230772?
1230774
In base 7, what is -30 + 1121146?
1121116
In base 13, what is 51aa92 + -72?
51aa20
In base 13, what is -2381b + -a2?
-238c0
In base 16, what is -12e73a - -7?
-12e733
In base 10, what is 2818852 - -9?
2818861
In base 10, what is -2 + 56673163?
56673161
In base 6, what is -114242 + 1055114?
540432
In base 11, what is -623 + 99827?
99204
In base 16, what is 61617 - 12?
61605
In base 15, what is 30274a + -3?
302747
In base 8, what is 4 - 7363040?
-7363034
In base 6, what is 1515404 - 4305?
1511055
In base 8, what is -145636160 + -5?
-145636165
In base 2, what is -10010011111 - 100000001011000111?
-100000011101100110
In base 13, what is -104 + 83c8?
82c4
In base 15, what is -869 - e927d?
-e9ae7
In base 5, what is -12142144103 + -14?
-12142144122
In base 11, what is 28458a7 + -5?
28458a2
In base 7, what is 50123516 - 243?
50123243
In base 6, what is -151023335 + -10?
-151023345
In base 5, what is 11 - 4320003201?
-4320003140
In base 9, what is -103 + -23745?
-23848
In base 6, what is 20 - -100203501?
100203521
In base 3, what is 1010211 + 101102112120?
101110200101
In base 15, what is -6a6 + -2c6e6?
-2cd9c
In base 9, what is -824244 + 2?
-824242
In base 12, what is 181158 + -69?
1810ab
In base 3, what is -2200 - -1000111200?
1000102000
In base 8, what is 23161 + 1507?
24670
In base 5, what is 320002430 - 1341?
320001034
In base 15, what is -d + 19be6d2?
19be6c4
In base 14, what is 580 + 1125?
16a5
In base 3, what is -22201121221 + 202?
-22201121012
In base 10, what is 20400 - -3425?
23825
In base 9, what is 3 + 31556746?
31556750
In base 15, what is 58 - 153e2?
-15389
In base 3, what is -11221121121100022 - 110?
-11221121121100202
In base 11, what is -3556919 - 5?
-3556923
In base 15, what is -52 + -581c7?
-58229
In base 2, what is 110101001011 + -1100111001?
101000010010
In base 11, what is -a37 + -4082a1?
-409228
In base 14, what is -4d73a7 + -2?
-4d73a9
In base 5, what is -231133313 - -44?
-231133214
In base 14, what is -495 - -12764?
122ad
In base 15, what is 5 + dc61d92?
dc61d97
In base 6, what is -1 + 223211351?
223211350
In base 13, what is 2b9a0 + 659?
2c329
In base 3, what is -120201022 + 100101?
-120100221
In base 16, what is 6e316d3 - 2?
6e316d1
In base 5, what is 1 - -123214321?
123214322
In base 9, what is 31420 - -5806?
37326
In base 7, what is -2615 - 442455?
-445403
In base 11, what is 764708 - 3?
764705
In base 15, what is 1 + 7c5aa3?
7c5aa4
In base 13, what is 5807c + 51?
58100
In base 3, what is 10 - -200020102010222?
200020102011002
In base 6, what is -2353452145 + -54?
-2353452243
In base 8, what is 13061004054 - -2?
13061004056
In base 14, what is -1c1 - -4108?
3d27
In base 4, what is -1132212231000021 + 2?
-1132212231000013
In base 13, what is -11 - 29b798?
-29b7a9
In base 4, what is 11310 - -1311010033?
1311022003
In base 16, what is 0 - a4e3548?
-a4e3548
In base 16, what is -17fd - d5c?
-2559
In base 5, what is 23433 + 312424?
341412
In base 3, what is 100221201122 + -1212?
100221122210
In base 7, what is -52544363 - -2?
-52544361
In base 12, what is 8aa839b + -1?
8aa839a
In base 7, what is 243 + 63210?
63453
In base 10, what is 373 + -586740?
-586367
In base 3, what is 2110020220 - 10211110?
2022102110
In base 14, what is -609931c + 1d?
-60992dd
In base 10, what is -18 - -12457113?
12457095
In base 14, what is -3272 - 27d?
-3511
In base 4, what is -12 - -1310302030303?
1310302030231
In base 2, what is 111011111111010 + -10?
111011111111000
In base 14, what is -3 - b1c257c?
-b1c2581
In base 2, what is -11011010011000001100111 - -100?
-11011010011000001100011
In base 12, what is -96 + 3056b0?
305616
In base 16, what is 2 + 3c9919?
3c991b
In base 15, what is 14 - 1c9cad8?
-1c9cac4
In base 3, what is -11121012202 - -112200001?
-11001112201
In base 9, what is -30063312 - 2?
-30063314
In base 3, what is 112000010 - 1112201?
110110102
In base 14, what is -97 - 48c640?
-48c6d7
In base 6, what is -1 - -23535333235?
23535333234
In base 10, what is 1180688 - -10?
1180698
In base 16, what is -49a7e00 - -6?
-49a7dfa
In base 15, what is -3190a3 + -2?
-3190a5
In base 7, what is -6526313455 + 0?
-6526313455
In base 14, what is 2708 - a168?
-7860
In base 7, what is 0 - -213036360?
213036360
In base 4, what is 131021220321 + 223?
131021221210
In base 3, what is 122211220 + 120001?
200101221
In base 5, what is 323 + -21132144?
-21131321
In base 4, what is -13020223132 + -23?
-13020223221
In base 12, what is 3a - 1a0399?
-1a035b
In base 4, what is -123 - -132030330213?
132030330030
In base 8, what is 0 - 21244333?
-21244333
In base 15, what is -2934b6 + -b?
-2934c2
In base 10, what is -3 + 505550?
505547
In base 2, what is 10101100 - 110111111010001?
-110111100100101
In base 15, what is 3d861b3 + 3?
3d861b6
In base 16, what is -4377 - 1619?
-5990
In base 16, what is e7cb - -27c?
ea47
In base 4, what is 1130330 - -10112?
1201102
In base 13, what is 4c554 + b86?
5040a
In base 15, what is 1 + -369192?
-369191
In base 11, what is -69 - 9a50a?
-9a578
In base 9, what is 1534521 + -323?
1534187
In base 13, what is -4 + -3b243?
-3b247
In base 15, what is -5 - e85bb56?
-e85bb5b
In base 2, what is -1010001 - 1000101100100100000?
-1000101100101110001
In base 8, what is 15263425 + -472?
15262733
In base 9, what is -1322 + -11835?
-13257
In base 2, what is 1011110101 - 10001100001000?
-10000000010011
In base 6, what is 31342 - 1513445?
-1442103
In base 7, what is 10051 + -144553?
-134502
In base 8, what is -131456120 + 4?
-131456114
In base 5, what is -4343 - -3313440?
3304042
In base 3, what is 11022021001 + 220?
11022021221
In base 10, what is 35978255 - 30?
35978225
In base 3, what is -20111 - -11121120100?
11121022212
In base 6, what is 10052 - 31345?
-21253
In base 13, what is 4aa55b5 + -5?
4aa55b0
In base 10, what is 3 - -7001331?
7001334
In base 5, what is 2230 - -1431301?
1434031
In base 15, what is -132ca6 - 5?
-132cab
In base 12, what is 15 - -204331?
204346
In base 3, what is -121110110 - 202220021?
-1101100201
In base 6, what is -2 - -45202023?
45202021
In base 11, what is 6547 + -2096?
4461
In base 6, what is -24 - 4414131414?
-4414131442
In base 13, what is 1c1932ab + -1?
1c1932aa
In base 15, what is -5 + 652397c?
6523977
In base 5, what is -1421141 - 13201?
-1434342
In base 2, what is 1111001001100001101101 + 100?
1111001001100001110001
In base 3, what is 2011011 + -2